{"id":15,"date":"2022-08-28T16:27:34","date_gmt":"2022-08-28T16:27:34","guid":{"rendered":"http:\/\/grealo4pilans.org\/?page_id=15"},"modified":"2022-09-04T12:41:20","modified_gmt":"2022-09-04T12:41:20","slug":"about","status":"publish","type":"page","link":"https:\/\/grealo4pilans.org\/?page_id=15","title":{"rendered":"Qui Som"},"content":{"rendered":"\n<p>L&#8217;Associaci\u00f3 de Ve\u00efns de Torres de Greal\u00f3 i Quatre Pilans de Lleida, neix el 26 de maig de 2007.<\/p>\n\n\n\n<p>La finalitat de l&#8217;Associaci\u00f3 \u00e9s:<\/p>\n\n\n\n<p>&#8211; Promoure la integraci\u00f3 del col\u00b7lectiu, en el teixit associatiu de la ciutat.<\/p>\n\n\n\n<p>&#8211; Defensar els interessos dels associats.<\/p>\n\n\n\n<p>&#8211; Facilitar tota l&#8217;ajuda per exercir els drets i deures de tots els membres de l\u2019associaci\u00f3.<\/p>\n\n\n\n<p>&#8211; Col\u00b7laborar en la conservaci\u00f3 dels llocs i paisatges que engloba l\u2019Associaci\u00f3, estimulant i promocionant la divulgaci\u00f3 dels factors d\u2019ordre hist\u00f2ric, tradicional i cultural que configuren les partides Torres de Greal\u00f3 i Quatre Pilans de Lleida.<\/p>\n\n\n\n<p>&#8211; Contribuir al coneixement a la promoci\u00f3 i difusi\u00f3 de l\u2019horta.<\/p>\n\n\n\n<figure class=\"wp-block-image size-large\"><img loading=\"lazy\" decoding=\"async\" width=\"1024\" height=\"576\" src=\"http:\/\/grealo4pilans.org\/wp-content\/uploads\/2022\/08\/WhatsApp-Image-2022-08-28-at-18.40.28-1024x576.jpeg\" alt=\"\" class=\"wp-image-43\" srcset=\"https:\/\/grealo4pilans.org\/wp-content\/uploads\/2022\/08\/WhatsApp-Image-2022-08-28-at-18.40.28-1024x576.jpeg 1024w, https:\/\/grealo4pilans.org\/wp-content\/uploads\/2022\/08\/WhatsApp-Image-2022-08-28-at-18.40.28-300x169.jpeg 300w, https:\/\/grealo4pilans.org\/wp-content\/uploads\/2022\/08\/WhatsApp-Image-2022-08-28-at-18.40.28-768x432.jpeg 768w, https:\/\/grealo4pilans.org\/wp-content\/uploads\/2022\/08\/WhatsApp-Image-2022-08-28-at-18.40.28-1536x864.jpeg 1536w, https:\/\/grealo4pilans.org\/wp-content\/uploads\/2022\/08\/WhatsApp-Image-2022-08-28-at-18.40.28-1200x675.jpeg 1200w, https:\/\/grealo4pilans.org\/wp-content\/uploads\/2022\/08\/WhatsApp-Image-2022-08-28-at-18.40.28.jpeg 1600w\" sizes=\"auto, (max-width: 1024px) 100vw, 1024px\" \/><\/figure>\n","protected":false},"excerpt":{"rendered":"<p>L&#8217;Associaci\u00f3 de Ve\u00efns de Torres de Greal\u00f3 i Quatre Pilans de Lleida, neix el 26 de maig de 2007. La finalitat de l&#8217;Associaci\u00f3 \u00e9s: &#8211; Promoure la integraci\u00f3 del col\u00b7lectiu, en el teixit associatiu de la ciutat. &#8211; Defensar els interessos dels associats. &#8211; Facilitar tota l&#8217;ajuda per exercir els drets i deures de tots [&hellip;]<\/p>\n","protected":false},"author":1,"featured_media":0,"parent":0,"menu_order":0,"comment_status":"closed","ping_status":"closed","template":"","meta":{"footnotes":""},"class_list":["post-15","page","type-page","status-publish","hentry"],"yoast_head":"<!-- This site is optimized with the Yoast SEO plugin v19.6 - https:\/\/yoast.com\/wordpress\/plugins\/seo\/ -->\n<title>Qui Som - Associaci\u00f3 de Ve\u00efns de Torres de Greal\u00f3 i Quatre Pilans de Lleida<\/title>\n<meta name=\"robots\" content=\"index, follow, max-snippet:-1, max-image-preview:large, max-video-preview:-1\" \/>\n<link rel=\"canonical\" href=\"https:\/\/grealo4pilans.org\/?page_id=15\" \/>\n<meta property=\"og:locale\" content=\"ca_ES\" \/>\n<meta property=\"og:type\" content=\"article\" \/>\n<meta property=\"og:title\" content=\"Qui Som - Associaci\u00f3 de Ve\u00efns de Torres de Greal\u00f3 i Quatre Pilans de Lleida\" \/>\n<meta property=\"og:description\" content=\"L&#8217;Associaci\u00f3 de Ve\u00efns de Torres de Greal\u00f3 i Quatre Pilans de Lleida, neix el 26 de maig de 2007. La finalitat de l&#8217;Associaci\u00f3 \u00e9s: &#8211; Promoure la integraci\u00f3 del col\u00b7lectiu, en el teixit associatiu de la ciutat. &#8211; Defensar els interessos dels associats. &#8211; Facilitar tota l&#8217;ajuda per exercir els drets i deures de tots [&hellip;]\" \/>\n<meta property=\"og:url\" content=\"https:\/\/grealo4pilans.org\/?page_id=15\" \/>\n<meta property=\"og:site_name\" content=\"Associaci\u00f3 de Ve\u00efns de Torres de Greal\u00f3 i Quatre Pilans de Lleida\" \/>\n<meta property=\"article:modified_time\" content=\"2022-09-04T12:41:20+00:00\" \/>\n<meta property=\"og:image\" content=\"http:\/\/grealo4pilans.org\/wp-content\/uploads\/2022\/08\/WhatsApp-Image-2022-08-28-at-18.40.28-1024x576.jpeg\" \/>\n<meta name=\"twitter:card\" content=\"summary_large_image\" \/>\n<meta name=\"twitter:label1\" content=\"Temps estimat de lectura\" \/>\n\t<meta name=\"twitter:data1\" content=\"1 minut\" \/>\n<script type=\"application\/ld+json\" class=\"yoast-schema-graph\">{\"@context\":\"https:\/\/schema.org\",\"@graph\":[{\"@type\":\"WebPage\",\"@id\":\"https:\/\/grealo4pilans.org\/?page_id=15\",\"url\":\"https:\/\/grealo4pilans.org\/?page_id=15\",\"name\":\"Qui Som - Associaci\u00f3 de Ve\u00efns de Torres de Greal\u00f3 i Quatre Pilans de Lleida\",\"isPartOf\":{\"@id\":\"https:\/\/grealo4pilans.org\/#website\"},\"datePublished\":\"2022-08-28T16:27:34+00:00\",\"dateModified\":\"2022-09-04T12:41:20+00:00\",\"breadcrumb\":{\"@id\":\"https:\/\/grealo4pilans.org\/?page_id=15#breadcrumb\"},\"inLanguage\":\"ca\",\"potentialAction\":[{\"@type\":\"ReadAction\",\"target\":[\"https:\/\/grealo4pilans.org\/?page_id=15\"]}]},{\"@type\":\"BreadcrumbList\",\"@id\":\"https:\/\/grealo4pilans.org\/?page_id=15#breadcrumb\",\"itemListElement\":[{\"@type\":\"ListItem\",\"position\":1,\"name\":\"Home\",\"item\":\"https:\/\/grealo4pilans.org\/\"},{\"@type\":\"ListItem\",\"position\":2,\"name\":\"Qui Som\"}]},{\"@type\":\"WebSite\",\"@id\":\"https:\/\/grealo4pilans.org\/#website\",\"url\":\"https:\/\/grealo4pilans.org\/\",\"name\":\"Associaci\u00f3 de Ve\u00efns de Torres de Greal\u00f3 i Quatre Pilans de Lleida\",\"description\":\"\",\"publisher\":{\"@id\":\"https:\/\/grealo4pilans.org\/#organization\"},\"potentialAction\":[{\"@type\":\"SearchAction\",\"target\":{\"@type\":\"EntryPoint\",\"urlTemplate\":\"https:\/\/grealo4pilans.org\/?s={search_term_string}\"},\"query-input\":\"required name=search_term_string\"}],\"inLanguage\":\"ca\"},{\"@type\":\"Organization\",\"@id\":\"https:\/\/grealo4pilans.org\/#organization\",\"name\":\"Associaci\u00f3 de Ve\u00efns de Torres de Greal\u00f3 i Quatre Pilans de Lleida\",\"url\":\"https:\/\/grealo4pilans.org\/\",\"sameAs\":[],\"logo\":{\"@type\":\"ImageObject\",\"inLanguage\":\"ca\",\"@id\":\"https:\/\/grealo4pilans.org\/#\/schema\/logo\/image\/\",\"url\":\"https:\/\/grealo4pilans.org\/wp-content\/uploads\/2022\/08\/WhatsApp-Image-2022-08-28-at-18.40.28-1.jpeg\",\"contentUrl\":\"https:\/\/grealo4pilans.org\/wp-content\/uploads\/2022\/08\/WhatsApp-Image-2022-08-28-at-18.40.28-1.jpeg\",\"width\":1600,\"height\":900,\"caption\":\"Associaci\u00f3 de Ve\u00efns de Torres de Greal\u00f3 i Quatre Pilans de Lleida\"},\"image\":{\"@id\":\"https:\/\/grealo4pilans.org\/#\/schema\/logo\/image\/\"}}]}<\/script>\n<!-- \/ Yoast SEO plugin. -->","yoast_head_json":{"title":"Qui Som - Associaci\u00f3 de Ve\u00efns de Torres de Greal\u00f3 i Quatre Pilans de Lleida","robots":{"index":"index","follow":"follow","max-snippet":"max-snippet:-1","max-image-preview":"max-image-preview:large","max-video-preview":"max-video-preview:-1"},"canonical":"https:\/\/grealo4pilans.org\/?page_id=15","og_locale":"ca_ES","og_type":"article","og_title":"Qui Som - Associaci\u00f3 de Ve\u00efns de Torres de Greal\u00f3 i Quatre Pilans de Lleida","og_description":"L&#8217;Associaci\u00f3 de Ve\u00efns de Torres de Greal\u00f3 i Quatre Pilans de Lleida, neix el 26 de maig de 2007. La finalitat de l&#8217;Associaci\u00f3 \u00e9s: &#8211; Promoure la integraci\u00f3 del col\u00b7lectiu, en el teixit associatiu de la ciutat. &#8211; Defensar els interessos dels associats. &#8211; Facilitar tota l&#8217;ajuda per exercir els drets i deures de tots [&hellip;]","og_url":"https:\/\/grealo4pilans.org\/?page_id=15","og_site_name":"Associaci\u00f3 de Ve\u00efns de Torres de Greal\u00f3 i Quatre Pilans de Lleida","article_modified_time":"2022-09-04T12:41:20+00:00","og_image":[{"url":"http:\/\/grealo4pilans.org\/wp-content\/uploads\/2022\/08\/WhatsApp-Image-2022-08-28-at-18.40.28-1024x576.jpeg"}],"twitter_card":"summary_large_image","twitter_misc":{"Temps estimat de lectura":"1 minut"},"schema":{"@context":"https:\/\/schema.org","@graph":[{"@type":"WebPage","@id":"https:\/\/grealo4pilans.org\/?page_id=15","url":"https:\/\/grealo4pilans.org\/?page_id=15","name":"Qui Som - Associaci\u00f3 de Ve\u00efns de Torres de Greal\u00f3 i Quatre Pilans de Lleida","isPartOf":{"@id":"https:\/\/grealo4pilans.org\/#website"},"datePublished":"2022-08-28T16:27:34+00:00","dateModified":"2022-09-04T12:41:20+00:00","breadcrumb":{"@id":"https:\/\/grealo4pilans.org\/?page_id=15#breadcrumb"},"inLanguage":"ca","potentialAction":[{"@type":"ReadAction","target":["https:\/\/grealo4pilans.org\/?page_id=15"]}]},{"@type":"BreadcrumbList","@id":"https:\/\/grealo4pilans.org\/?page_id=15#breadcrumb","itemListElement":[{"@type":"ListItem","position":1,"name":"Home","item":"https:\/\/grealo4pilans.org\/"},{"@type":"ListItem","position":2,"name":"Qui Som"}]},{"@type":"WebSite","@id":"https:\/\/grealo4pilans.org\/#website","url":"https:\/\/grealo4pilans.org\/","name":"Associaci\u00f3 de Ve\u00efns de Torres de Greal\u00f3 i Quatre Pilans de Lleida","description":"","publisher":{"@id":"https:\/\/grealo4pilans.org\/#organization"},"potentialAction":[{"@type":"SearchAction","target":{"@type":"EntryPoint","urlTemplate":"https:\/\/grealo4pilans.org\/?s={search_term_string}"},"query-input":"required name=search_term_string"}],"inLanguage":"ca"},{"@type":"Organization","@id":"https:\/\/grealo4pilans.org\/#organization","name":"Associaci\u00f3 de Ve\u00efns de Torres de Greal\u00f3 i Quatre Pilans de Lleida","url":"https:\/\/grealo4pilans.org\/","sameAs":[],"logo":{"@type":"ImageObject","inLanguage":"ca","@id":"https:\/\/grealo4pilans.org\/#\/schema\/logo\/image\/","url":"https:\/\/grealo4pilans.org\/wp-content\/uploads\/2022\/08\/WhatsApp-Image-2022-08-28-at-18.40.28-1.jpeg","contentUrl":"https:\/\/grealo4pilans.org\/wp-content\/uploads\/2022\/08\/WhatsApp-Image-2022-08-28-at-18.40.28-1.jpeg","width":1600,"height":900,"caption":"Associaci\u00f3 de Ve\u00efns de Torres de Greal\u00f3 i Quatre Pilans de Lleida"},"image":{"@id":"https:\/\/grealo4pilans.org\/#\/schema\/logo\/image\/"}}]}},"_links":{"self":[{"href":"https:\/\/grealo4pilans.org\/index.php?rest_route=\/wp\/v2\/pages\/15","targetHints":{"allow":["GET"]}}],"collection":[{"href":"https:\/\/grealo4pilans.org\/index.php?rest_route=\/wp\/v2\/pages"}],"about":[{"href":"https:\/\/grealo4pilans.org\/index.php?rest_route=\/wp\/v2\/types\/page"}],"author":[{"embeddable":true,"href":"https:\/\/grealo4pilans.org\/index.php?rest_route=\/wp\/v2\/users\/1"}],"replies":[{"embeddable":true,"href":"https:\/\/grealo4pilans.org\/index.php?rest_route=%2Fwp%2Fv2%2Fcomments&post=15"}],"version-history":[{"count":6,"href":"https:\/\/grealo4pilans.org\/index.php?rest_route=\/wp\/v2\/pages\/15\/revisions"}],"predecessor-version":[{"id":77,"href":"https:\/\/grealo4pilans.org\/index.php?rest_route=\/wp\/v2\/pages\/15\/revisions\/77"}],"wp:attachment":[{"href":"https:\/\/grealo4pilans.org\/index.php?rest_route=%2Fwp%2Fv2%2Fmedia&parent=15"}],"curies":[{"name":"wp","href":"https:\/\/api.w.org\/{rel}","templated":true}]}}

<p>L&#8217;Associació de Veïns de Torres de Grealó i Quatre Pilans de Lleida, neix el 26 de maig de 2007.</p>



<p>La finalitat de l&#8217;Associació és:</p>



<p>&#8211; Promoure la integració del col·lectiu, en el teixit associatiu de la ciutat.</p>



<p>&#8211; Defensar els interessos dels associats.</p>



<p>&#8211; Facilitar tota l&#8217;ajuda per exercir els drets i deures de tots els membres de l’associació.</p>



<p>&#8211; Col·laborar en la conservació dels llocs i paisatges que engloba l’Associació, estimulant i promocionant la divulgació dels factors d’ordre històric, tradicional i cultural que configuren les partides Torres de Grealó i Quatre Pilans de Lleida.</p>



<p>&#8211; Contribuir al coneixement a la promoció i difusió de l’horta.</p>



<figure class="wp-block-image size-large"><img loading="lazy" decoding="async" width="1024" height="576" src="http://grealo4pilans.org/wp-content/uploads/2022/08/WhatsApp-Image-2022-08-28-at-18.40.28-1024x576.jpeg" alt="" class="wp-image-43" srcset="https://grealo4pilans.org/wp-content/uploads/2022/08/WhatsApp-Image-2022-08-28-at-18.40.28-1024x576.jpeg 1024w, https://grealo4pilans.org/wp-content/uploads/2022/08/WhatsApp-Image-2022-08-28-at-18.40.28-300x169.jpeg 300w, https://grealo4pilans.org/wp-content/uploads/2022/08/WhatsApp-Image-2022-08-28-at-18.40.28-768x432.jpeg 768w, https://grealo4pilans.org/wp-content/uploads/2022/08/WhatsApp-Image-2022-08-28-at-18.40.28-1536x864.jpeg 1536w, https://grealo4pilans.org/wp-content/uploads/2022/08/WhatsApp-Image-2022-08-28-at-18.40.28-1200x675.jpeg 1200w, https://grealo4pilans.org/wp-content/uploads/2022/08/WhatsApp-Image-2022-08-28-at-18.40.28.jpeg 1600w" sizes="auto, (max-width: 1024px) 100vw, 1024px" /></figure>

<p>L&#8217;Associació de Veïns de Torres de Grealó i Quatre Pilans de Lleida, neix el 26 de maig de 2007. La finalitat de l&#8217;Associació és: &#8211; Promoure la integració del col·lectiu, en el teixit associatiu de la ciutat. &#8211; Defensar els interessos dels associats. &#8211; Facilitar tota l&#8217;ajuda per exercir els drets i deures de tots [&hellip;]</p>

<!-- This site is optimized with the Yoast SEO plugin v19.6 - https://yoast.com/wordpress/plugins/seo/ -->
<title>Qui Som - Associació de Veïns de Torres de Grealó i Quatre Pilans de Lleida</title>
<meta name="robots" content="index, follow, max-snippet:-1, max-image-preview:large, max-video-preview:-1" />
<link rel="canonical" href="https://grealo4pilans.org/?page_id=15" />
<meta property="og:locale" content="ca_ES" />
<meta property="og:type" content="article" />
<meta property="og:title" content="Qui Som - Associació de Veïns de Torres de Grealó i Quatre Pilans de Lleida" />
<meta property="og:description" content="L&#8217;Associació de Veïns de Torres de Grealó i Quatre Pilans de Lleida, neix el 26 de maig de 2007. La finalitat de l&#8217;Associació és: &#8211; Promoure la integració del col·lectiu, en el teixit associatiu de la ciutat. &#8211; Defensar els interessos dels associats. &#8211; Facilitar tota l&#8217;ajuda per exercir els drets i deures de tots [&hellip;]" />
<meta property="og:url" content="https://grealo4pilans.org/?page_id=15" />
<meta property="og:site_name" content="Associació de Veïns de Torres de Grealó i Quatre Pilans de Lleida" />
<meta property="article:modified_time" content="2022-09-04T12:41:20+00:00" />
<meta property="og:image" content="http://grealo4pilans.org/wp-content/uploads/2022/08/WhatsApp-Image-2022-08-28-at-18.40.28-1024x576.jpeg" />
<meta name="twitter:card" content="summary_large_image" />
<meta name="twitter:label1" content="Temps estimat de lectura" />
	<meta name="twitter:data1" content="1 minut" />
<script type="application/ld+json" class="yoast-schema-graph">{"@context":"https://schema.org","@graph":[{"@type":"WebPage","@id":"https://grealo4pilans.org/?page_id=15","url":"https://grealo4pilans.org/?page_id=15","name":"Qui Som - Associació de Veïns de Torres de Grealó i Quatre Pilans de Lleida","isPartOf":{"@id":"https://grealo4pilans.org/#website"},"datePublished":"2022-08-28T16:27:34+00:00","dateModified":"2022-09-04T12:41:20+00:00","breadcrumb":{"@id":"https://grealo4pilans.org/?page_id=15#breadcrumb"},"inLanguage":"ca","potentialAction":[{"@type":"ReadAction","target":["https://grealo4pilans.org/?page_id=15"]}]},{"@type":"BreadcrumbList","@id":"https://grealo4pilans.org/?page_id=15#breadcrumb","itemListElement":[{"@type":"ListItem","position":1,"name":"Home","item":"https://grealo4pilans.org/"},{"@type":"ListItem","position":2,"name":"Qui Som"}]},{"@type":"WebSite","@id":"https://grealo4pilans.org/#website","url":"https://grealo4pilans.org/","name":"Associació de Veïns de Torres de Grealó i Quatre Pilans de Lleida","description":"","publisher":{"@id":"https://grealo4pilans.org/#organization"},"potentialAction":[{"@type":"SearchAction","target":{"@type":"EntryPoint","urlTemplate":"https://grealo4pilans.org/?s={search_term_string}"},"query-input":"required name=search_term_string"}],"inLanguage":"ca"},{"@type":"Organization","@id":"https://grealo4pilans.org/#organization","name":"Associació de Veïns de Torres de Grealó i Quatre Pilans de Lleida","url":"https://grealo4pilans.org/","sameAs":[],"logo":{"@type":"ImageObject","inLanguage":"ca","@id":"https://grealo4pilans.org/#/schema/logo/image/","url":"https://grealo4pilans.org/wp-content/uploads/2022/08/WhatsApp-Image-2022-08-28-at-18.40.28-1.jpeg","contentUrl":"https://grealo4pilans.org/wp-content/uploads/2022/08/WhatsApp-Image-2022-08-28-at-18.40.28-1.jpeg","width":1600,"height":900,"caption":"Associació de Veïns de Torres de Grealó i Quatre Pilans de Lleida"},"image":{"@id":"https://grealo4pilans.org/#/schema/logo/image/"}}]}</script>
<!-- / Yoast SEO plugin. -->

Qui Som - Associació de Veïns de Torres de Grealó i Quatre Pilans de Lleida

L&#8217;Associació de Veïns de Torres de Grealó i Quatre Pilans de Lleida, neix el 26 de maig de 2007. La finalitat de l&#8217;Associació és: &#8211; Promoure la integració del col·lectiu, en el teixit associatiu de la ciutat. &#8211; Defensar els interessos dels associats. &#8211; Facilitar tota l&#8217;ajuda per exercir els drets i deures de tots [&hellip;]

Associació de Veïns de Torres de Grealó i Quatre Pilans de Lleida
