{"id":85,"date":"2022-09-04T08:16:20","date_gmt":"2022-09-04T08:16:20","guid":{"rendered":"https:\/\/grealo4pilans.org\/?page_id=85"},"modified":"2022-09-04T08:28:31","modified_gmt":"2022-09-04T08:28:31","slug":"noticies","status":"publish","type":"page","link":"https:\/\/grealo4pilans.org\/?page_id=85","title":{"rendered":"Not\u00edcies"},"content":{"rendered":"\n<p><\/p>\n\n\n\n<p><\/p>\n\n\n\n<ul class=\"wp-block-list\"><li>Diari Segre &#8211; Manifestaci\u00f3 contra el pol\u00edgon de Torreblanca<\/li><\/ul>\n\n\n\n<p><a href=\"https:\/\/www.segre.com\/noticies\/lleida\/2022\/08\/05\/manifestacio_contra_poligon_torreblanca_179698_1092.html\">&#8220;Rebutgen l&#8217;expropiaci\u00f3 de finques i consideren que el desenvolupament industrial de la zona &#8220;destruir\u00e0 l&#8217;Horta&#8221;.&#8221;<\/a><\/p>\n\n\n\n<ul class=\"wp-block-list\"><li>La Manyana &#8211; Ve\u00efns de Magraners i de l\u2019Horta plantegen reubicar el pol\u00edgon de Torreblanca<\/li><\/ul>\n\n\n\n<p><a href=\"https:\/\/www.lamanyana.cat\/veins-de-magraners-i-de-lhorta-plantegen-reubicar-el-poligon-de-torreblanca\/\">Ve\u00efns de Magraners i de la zona de l\u2019Horta m\u00e9s propera avancen en la lluita contra els projectes de fer una nova l\u00ednia d\u2019alta tensi\u00f3 i el pol\u00edgon industrial de Torreblanca-Quatre Pilans<\/a><\/p>\n","protected":false},"excerpt":{"rendered":"<p>Diari Segre &#8211; Manifestaci\u00f3 contra el pol\u00edgon de Torreblanca &#8220;Rebutgen l&#8217;expropiaci\u00f3 de finques i consideren que el desenvolupament industrial de la zona &#8220;destruir\u00e0 l&#8217;Horta&#8221;.&#8221; La Manyana &#8211; Ve\u00efns de Magraners i de l\u2019Horta plantegen reubicar el pol\u00edgon de Torreblanca Ve\u00efns de Magraners i de la zona de l\u2019Horta m\u00e9s propera avancen en la lluita contra [&hellip;]<\/p>\n","protected":false},"author":1,"featured_media":0,"parent":0,"menu_order":0,"comment_status":"closed","ping_status":"closed","template":"","meta":{"footnotes":""},"class_list":["post-85","page","type-page","status-publish","hentry"],"yoast_head":"<!-- This site is optimized with the Yoast SEO plugin v19.6 - https:\/\/yoast.com\/wordpress\/plugins\/seo\/ -->\n<title>Not\u00edcies - Associaci\u00f3 de Ve\u00efns de Torres de Greal\u00f3 i Quatre Pilans de Lleida<\/title>\n<meta name=\"robots\" content=\"index, follow, max-snippet:-1, max-image-preview:large, max-video-preview:-1\" \/>\n<link rel=\"canonical\" href=\"https:\/\/grealo4pilans.org\/?page_id=85\" \/>\n<meta property=\"og:locale\" content=\"ca_ES\" \/>\n<meta property=\"og:type\" content=\"article\" \/>\n<meta property=\"og:title\" content=\"Not\u00edcies - Associaci\u00f3 de Ve\u00efns de Torres de Greal\u00f3 i Quatre Pilans de Lleida\" \/>\n<meta property=\"og:description\" content=\"Diari Segre &#8211; Manifestaci\u00f3 contra el pol\u00edgon de Torreblanca &#8220;Rebutgen l&#8217;expropiaci\u00f3 de finques i consideren que el desenvolupament industrial de la zona &#8220;destruir\u00e0 l&#8217;Horta&#8221;.&#8221; La Manyana &#8211; Ve\u00efns de Magraners i de l\u2019Horta plantegen reubicar el pol\u00edgon de Torreblanca Ve\u00efns de Magraners i de la zona de l\u2019Horta m\u00e9s propera avancen en la lluita contra [&hellip;]\" \/>\n<meta property=\"og:url\" content=\"https:\/\/grealo4pilans.org\/?page_id=85\" \/>\n<meta property=\"og:site_name\" content=\"Associaci\u00f3 de Ve\u00efns de Torres de Greal\u00f3 i Quatre Pilans de Lleida\" \/>\n<meta property=\"article:modified_time\" content=\"2022-09-04T08:28:31+00:00\" \/>\n<meta name=\"twitter:card\" content=\"summary_large_image\" \/>\n<meta name=\"twitter:label1\" content=\"Temps estimat de lectura\" \/>\n\t<meta name=\"twitter:data1\" content=\"1 minut\" \/>\n<script type=\"application\/ld+json\" class=\"yoast-schema-graph\">{\"@context\":\"https:\/\/schema.org\",\"@graph\":[{\"@type\":\"WebPage\",\"@id\":\"https:\/\/grealo4pilans.org\/?page_id=85\",\"url\":\"https:\/\/grealo4pilans.org\/?page_id=85\",\"name\":\"Not\u00edcies - Associaci\u00f3 de Ve\u00efns de Torres de Greal\u00f3 i Quatre Pilans de Lleida\",\"isPartOf\":{\"@id\":\"https:\/\/grealo4pilans.org\/#website\"},\"datePublished\":\"2022-09-04T08:16:20+00:00\",\"dateModified\":\"2022-09-04T08:28:31+00:00\",\"breadcrumb\":{\"@id\":\"https:\/\/grealo4pilans.org\/?page_id=85#breadcrumb\"},\"inLanguage\":\"ca\",\"potentialAction\":[{\"@type\":\"ReadAction\",\"target\":[\"https:\/\/grealo4pilans.org\/?page_id=85\"]}]},{\"@type\":\"BreadcrumbList\",\"@id\":\"https:\/\/grealo4pilans.org\/?page_id=85#breadcrumb\",\"itemListElement\":[{\"@type\":\"ListItem\",\"position\":1,\"name\":\"Home\",\"item\":\"https:\/\/grealo4pilans.org\/\"},{\"@type\":\"ListItem\",\"position\":2,\"name\":\"Not\u00edcies\"}]},{\"@type\":\"WebSite\",\"@id\":\"https:\/\/grealo4pilans.org\/#website\",\"url\":\"https:\/\/grealo4pilans.org\/\",\"name\":\"Associaci\u00f3 de Ve\u00efns de Torres de Greal\u00f3 i Quatre Pilans de Lleida\",\"description\":\"\",\"publisher\":{\"@id\":\"https:\/\/grealo4pilans.org\/#organization\"},\"potentialAction\":[{\"@type\":\"SearchAction\",\"target\":{\"@type\":\"EntryPoint\",\"urlTemplate\":\"https:\/\/grealo4pilans.org\/?s={search_term_string}\"},\"query-input\":\"required name=search_term_string\"}],\"inLanguage\":\"ca\"},{\"@type\":\"Organization\",\"@id\":\"https:\/\/grealo4pilans.org\/#organization\",\"name\":\"Associaci\u00f3 de Ve\u00efns de Torres de Greal\u00f3 i Quatre Pilans de Lleida\",\"url\":\"https:\/\/grealo4pilans.org\/\",\"sameAs\":[],\"logo\":{\"@type\":\"ImageObject\",\"inLanguage\":\"ca\",\"@id\":\"https:\/\/grealo4pilans.org\/#\/schema\/logo\/image\/\",\"url\":\"https:\/\/grealo4pilans.org\/wp-content\/uploads\/2022\/08\/WhatsApp-Image-2022-08-28-at-18.40.28-1.jpeg\",\"contentUrl\":\"https:\/\/grealo4pilans.org\/wp-content\/uploads\/2022\/08\/WhatsApp-Image-2022-08-28-at-18.40.28-1.jpeg\",\"width\":1600,\"height\":900,\"caption\":\"Associaci\u00f3 de Ve\u00efns de Torres de Greal\u00f3 i Quatre Pilans de Lleida\"},\"image\":{\"@id\":\"https:\/\/grealo4pilans.org\/#\/schema\/logo\/image\/\"}}]}<\/script>\n<!-- \/ Yoast SEO plugin. -->","yoast_head_json":{"title":"Not\u00edcies - Associaci\u00f3 de Ve\u00efns de Torres de Greal\u00f3 i Quatre Pilans de Lleida","robots":{"index":"index","follow":"follow","max-snippet":"max-snippet:-1","max-image-preview":"max-image-preview:large","max-video-preview":"max-video-preview:-1"},"canonical":"https:\/\/grealo4pilans.org\/?page_id=85","og_locale":"ca_ES","og_type":"article","og_title":"Not\u00edcies - Associaci\u00f3 de Ve\u00efns de Torres de Greal\u00f3 i Quatre Pilans de Lleida","og_description":"Diari Segre &#8211; Manifestaci\u00f3 contra el pol\u00edgon de Torreblanca &#8220;Rebutgen l&#8217;expropiaci\u00f3 de finques i consideren que el desenvolupament industrial de la zona &#8220;destruir\u00e0 l&#8217;Horta&#8221;.&#8221; La Manyana &#8211; Ve\u00efns de Magraners i de l\u2019Horta plantegen reubicar el pol\u00edgon de Torreblanca Ve\u00efns de Magraners i de la zona de l\u2019Horta m\u00e9s propera avancen en la lluita contra [&hellip;]","og_url":"https:\/\/grealo4pilans.org\/?page_id=85","og_site_name":"Associaci\u00f3 de Ve\u00efns de Torres de Greal\u00f3 i Quatre Pilans de Lleida","article_modified_time":"2022-09-04T08:28:31+00:00","twitter_card":"summary_large_image","twitter_misc":{"Temps estimat de lectura":"1 minut"},"schema":{"@context":"https:\/\/schema.org","@graph":[{"@type":"WebPage","@id":"https:\/\/grealo4pilans.org\/?page_id=85","url":"https:\/\/grealo4pilans.org\/?page_id=85","name":"Not\u00edcies - Associaci\u00f3 de Ve\u00efns de Torres de Greal\u00f3 i Quatre Pilans de Lleida","isPartOf":{"@id":"https:\/\/grealo4pilans.org\/#website"},"datePublished":"2022-09-04T08:16:20+00:00","dateModified":"2022-09-04T08:28:31+00:00","breadcrumb":{"@id":"https:\/\/grealo4pilans.org\/?page_id=85#breadcrumb"},"inLanguage":"ca","potentialAction":[{"@type":"ReadAction","target":["https:\/\/grealo4pilans.org\/?page_id=85"]}]},{"@type":"BreadcrumbList","@id":"https:\/\/grealo4pilans.org\/?page_id=85#breadcrumb","itemListElement":[{"@type":"ListItem","position":1,"name":"Home","item":"https:\/\/grealo4pilans.org\/"},{"@type":"ListItem","position":2,"name":"Not\u00edcies"}]},{"@type":"WebSite","@id":"https:\/\/grealo4pilans.org\/#website","url":"https:\/\/grealo4pilans.org\/","name":"Associaci\u00f3 de Ve\u00efns de Torres de Greal\u00f3 i Quatre Pilans de Lleida","description":"","publisher":{"@id":"https:\/\/grealo4pilans.org\/#organization"},"potentialAction":[{"@type":"SearchAction","target":{"@type":"EntryPoint","urlTemplate":"https:\/\/grealo4pilans.org\/?s={search_term_string}"},"query-input":"required name=search_term_string"}],"inLanguage":"ca"},{"@type":"Organization","@id":"https:\/\/grealo4pilans.org\/#organization","name":"Associaci\u00f3 de Ve\u00efns de Torres de Greal\u00f3 i Quatre Pilans de Lleida","url":"https:\/\/grealo4pilans.org\/","sameAs":[],"logo":{"@type":"ImageObject","inLanguage":"ca","@id":"https:\/\/grealo4pilans.org\/#\/schema\/logo\/image\/","url":"https:\/\/grealo4pilans.org\/wp-content\/uploads\/2022\/08\/WhatsApp-Image-2022-08-28-at-18.40.28-1.jpeg","contentUrl":"https:\/\/grealo4pilans.org\/wp-content\/uploads\/2022\/08\/WhatsApp-Image-2022-08-28-at-18.40.28-1.jpeg","width":1600,"height":900,"caption":"Associaci\u00f3 de Ve\u00efns de Torres de Greal\u00f3 i Quatre Pilans de Lleida"},"image":{"@id":"https:\/\/grealo4pilans.org\/#\/schema\/logo\/image\/"}}]}},"_links":{"self":[{"href":"https:\/\/grealo4pilans.org\/index.php?rest_route=\/wp\/v2\/pages\/85","targetHints":{"allow":["GET"]}}],"collection":[{"href":"https:\/\/grealo4pilans.org\/index.php?rest_route=\/wp\/v2\/pages"}],"about":[{"href":"https:\/\/grealo4pilans.org\/index.php?rest_route=\/wp\/v2\/types\/page"}],"author":[{"embeddable":true,"href":"https:\/\/grealo4pilans.org\/index.php?rest_route=\/wp\/v2\/users\/1"}],"replies":[{"embeddable":true,"href":"https:\/\/grealo4pilans.org\/index.php?rest_route=%2Fwp%2Fv2%2Fcomments&post=85"}],"version-history":[{"count":2,"href":"https:\/\/grealo4pilans.org\/index.php?rest_route=\/wp\/v2\/pages\/85\/revisions"}],"predecessor-version":[{"id":91,"href":"https:\/\/grealo4pilans.org\/index.php?rest_route=\/wp\/v2\/pages\/85\/revisions\/91"}],"wp:attachment":[{"href":"https:\/\/grealo4pilans.org\/index.php?rest_route=%2Fwp%2Fv2%2Fmedia&parent=85"}],"curies":[{"name":"wp","href":"https:\/\/api.w.org\/{rel}","templated":true}]}}

Notícies

<p></p>



<p></p>



<ul class="wp-block-list"><li>Diari Segre &#8211; Manifestació contra el polígon de Torreblanca</li></ul>



<p><a href="https://www.segre.com/noticies/lleida/2022/08/05/manifestacio_contra_poligon_torreblanca_179698_1092.html">&#8220;Rebutgen l&#8217;expropiació de finques i consideren que el desenvolupament industrial de la zona &#8220;destruirà l&#8217;Horta&#8221;.&#8221;</a></p>



<ul class="wp-block-list"><li>La Manyana &#8211; Veïns de Magraners i de l’Horta plantegen reubicar el polígon de Torreblanca</li></ul>



<p><a href="https://www.lamanyana.cat/veins-de-magraners-i-de-lhorta-plantegen-reubicar-el-poligon-de-torreblanca/">Veïns de Magraners i de la zona de l’Horta més propera avancen en la lluita contra els projectes de fer una nova línia d’alta tensió i el polígon industrial de Torreblanca-Quatre Pilans</a></p>

<p>Diari Segre &#8211; Manifestació contra el polígon de Torreblanca &#8220;Rebutgen l&#8217;expropiació de finques i consideren que el desenvolupament industrial de la zona &#8220;destruirà l&#8217;Horta&#8221;.&#8221; La Manyana &#8211; Veïns de Magraners i de l’Horta plantegen reubicar el polígon de Torreblanca Veïns de Magraners i de la zona de l’Horta més propera avancen en la lluita contra [&hellip;]</p>

<!-- This site is optimized with the Yoast SEO plugin v19.6 - https://yoast.com/wordpress/plugins/seo/ -->
<title>Notícies - Associació de Veïns de Torres de Grealó i Quatre Pilans de Lleida</title>
<meta name="robots" content="index, follow, max-snippet:-1, max-image-preview:large, max-video-preview:-1" />
<link rel="canonical" href="https://grealo4pilans.org/?page_id=85" />
<meta property="og:locale" content="ca_ES" />
<meta property="og:type" content="article" />
<meta property="og:title" content="Notícies - Associació de Veïns de Torres de Grealó i Quatre Pilans de Lleida" />
<meta property="og:description" content="Diari Segre &#8211; Manifestació contra el polígon de Torreblanca &#8220;Rebutgen l&#8217;expropiació de finques i consideren que el desenvolupament industrial de la zona &#8220;destruirà l&#8217;Horta&#8221;.&#8221; La Manyana &#8211; Veïns de Magraners i de l’Horta plantegen reubicar el polígon de Torreblanca Veïns de Magraners i de la zona de l’Horta més propera avancen en la lluita contra [&hellip;]" />
<meta property="og:url" content="https://grealo4pilans.org/?page_id=85" />
<meta property="og:site_name" content="Associació de Veïns de Torres de Grealó i Quatre Pilans de Lleida" />
<meta property="article:modified_time" content="2022-09-04T08:28:31+00:00" />
<meta name="twitter:card" content="summary_large_image" />
<meta name="twitter:label1" content="Temps estimat de lectura" />
	<meta name="twitter:data1" content="1 minut" />
<script type="application/ld+json" class="yoast-schema-graph">{"@context":"https://schema.org","@graph":[{"@type":"WebPage","@id":"https://grealo4pilans.org/?page_id=85","url":"https://grealo4pilans.org/?page_id=85","name":"Notícies - Associació de Veïns de Torres de Grealó i Quatre Pilans de Lleida","isPartOf":{"@id":"https://grealo4pilans.org/#website"},"datePublished":"2022-09-04T08:16:20+00:00","dateModified":"2022-09-04T08:28:31+00:00","breadcrumb":{"@id":"https://grealo4pilans.org/?page_id=85#breadcrumb"},"inLanguage":"ca","potentialAction":[{"@type":"ReadAction","target":["https://grealo4pilans.org/?page_id=85"]}]},{"@type":"BreadcrumbList","@id":"https://grealo4pilans.org/?page_id=85#breadcrumb","itemListElement":[{"@type":"ListItem","position":1,"name":"Home","item":"https://grealo4pilans.org/"},{"@type":"ListItem","position":2,"name":"Notícies"}]},{"@type":"WebSite","@id":"https://grealo4pilans.org/#website","url":"https://grealo4pilans.org/","name":"Associació de Veïns de Torres de Grealó i Quatre Pilans de Lleida","description":"","publisher":{"@id":"https://grealo4pilans.org/#organization"},"potentialAction":[{"@type":"SearchAction","target":{"@type":"EntryPoint","urlTemplate":"https://grealo4pilans.org/?s={search_term_string}"},"query-input":"required name=search_term_string"}],"inLanguage":"ca"},{"@type":"Organization","@id":"https://grealo4pilans.org/#organization","name":"Associació de Veïns de Torres de Grealó i Quatre Pilans de Lleida","url":"https://grealo4pilans.org/","sameAs":[],"logo":{"@type":"ImageObject","inLanguage":"ca","@id":"https://grealo4pilans.org/#/schema/logo/image/","url":"https://grealo4pilans.org/wp-content/uploads/2022/08/WhatsApp-Image-2022-08-28-at-18.40.28-1.jpeg","contentUrl":"https://grealo4pilans.org/wp-content/uploads/2022/08/WhatsApp-Image-2022-08-28-at-18.40.28-1.jpeg","width":1600,"height":900,"caption":"Associació de Veïns de Torres de Grealó i Quatre Pilans de Lleida"},"image":{"@id":"https://grealo4pilans.org/#/schema/logo/image/"}}]}</script>
<!-- / Yoast SEO plugin. -->

Notícies - Associació de Veïns de Torres de Grealó i Quatre Pilans de Lleida

Diari Segre &#8211; Manifestació contra el polígon de Torreblanca &#8220;Rebutgen l&#8217;expropiació de finques i consideren que el desenvolupament industrial de la zona &#8220;destruirà l&#8217;Horta&#8221;.&#8221; La Manyana &#8211; Veïns de Magraners i de l’Horta plantegen reubicar el polígon de Torreblanca Veïns de Magraners i de la zona de l’Horta més propera avancen en la lluita contra [&hellip;]

Associació de Veïns de Torres de Grealó i Quatre Pilans de Lleida
